{"id":22,"date":"2013-07-09T14:11:56","date_gmt":"2013-07-09T12:11:56","guid":{"rendered":"http:\/\/www.skvmarburg.de\/wordpress\/?page_id=22"},"modified":"2020-09-23T09:31:52","modified_gmt":"2020-09-23T07:31:52","slug":"freizeitkegeln","status":"publish","type":"page","link":"http:\/\/www.skvmarburg.de\/?page_id=22","title":{"rendered":"Freizeitkegeln"},"content":{"rendered":"<p>Auf unseren Bahnen im Parkhaus Pilgrimstein wird nicht nur sportlich gekegelt, sondern auch die Freizeitkegler kommen bei uns auf ihre Kosten. T\u00e4glich ab 20:00 Uhr stehen unsere vier Kegelbahnen den Gesellschafts- und Freizeitkeglern zur Verf\u00fcgung. Des Weiteren ben\u00f6tigen die Freizeitkegler Hallensportschuhe um auf unseren Bahnen zu spielen. Die Mietkosten belaufen sich auf 8,00\u20ac pro Bahn pro Stunde.<\/p>\n<p><strong>Sie haben Interesse unserer Bahnen zu mieten? Dann kontaktieren Sie uns bitte unter folgender E-Mail Adresse:<\/strong><\/p>\n<p style=\"text-align: center;\"><strong><a href=\"mailto:mail@skvmarburg.de\" target=\"_blank\" rel=\"noopener noreferrer\">mail@skvmarburg.de<\/a><\/strong><\/p>\n\n\n<p><\/p>\n","protected":false},"excerpt":{"rendered":"<p>Auf unseren Bahnen im Parkhaus Pilgrimstein wird nicht nur sportlich gekegelt, sondern auch die Freizeitkegler kommen bei uns auf ihre Kosten. T\u00e4glich ab 20:00 Uhr stehen unsere vier Kegelbahnen den Gesellschafts- und Freizeitkeglern zur Verf\u00fcgung. Des Weiteren ben\u00f6tigen die Freizeitkegler Hallensportschuhe um auf unseren Bahnen zu spielen. Die Mietkosten belaufen \u2026 <a class=\"continue-reading-link\" href=\"http:\/\/www.skvmarburg.de\/?page_id=22\"> Continue reading <span class=\"meta-nav\">&rarr; <\/span><\/a><\/p>\n","protected":false},"author":1,"featured_media":0,"parent":0,"menu_order":5,"comment_status":"closed","ping_status":"closed","template":"","meta":{"footnotes":""},"class_list":["post-22","page","type-page","status-publish","hentry"],"_links":{"self":[{"href":"http:\/\/www.skvmarburg.de\/index.php?rest_route=\/wp\/v2\/pages\/22","targetHints":{"allow":["GET"]}}],"collection":[{"href":"http:\/\/www.skvmarburg.de\/index.php?rest_route=\/wp\/v2\/pages"}],"about":[{"href":"http:\/\/www.skvmarburg.de\/index.php?rest_route=\/wp\/v2\/types\/page"}],"author":[{"embeddable":true,"href":"http:\/\/www.skvmarburg.de\/index.php?rest_route=\/wp\/v2\/users\/1"}],"replies":[{"embeddable":true,"href":"http:\/\/www.skvmarburg.de\/index.php?rest_route=%2Fwp%2Fv2%2Fcomments&post=22"}],"version-history":[{"count":38,"href":"http:\/\/www.skvmarburg.de\/index.php?rest_route=\/wp\/v2\/pages\/22\/revisions"}],"predecessor-version":[{"id":2201,"href":"http:\/\/www.skvmarburg.de\/index.php?rest_route=\/wp\/v2\/pages\/22\/revisions\/2201"}],"wp:attachment":[{"href":"http:\/\/www.skvmarburg.de\/index.php?rest_route=%2Fwp%2Fv2%2Fmedia&parent=22"}],"curies":[{"name":"wp","href":"https:\/\/api.w.org\/{rel}","templated":true}]}}